2
Let n(y) = 3*y**2 + y. Let m = 11 + -46. Let h = -37 - m. What is n(h)?
10
Let m = 40 + -47. Let k(r) = r + 5. Determine k(m).
-2
Suppose -s + 11 = -4*m - 10, -2*s = m - 6. Suppose -7*o = -17 + 3. Let n(f) = 4*f**3 - 6*f**2 - 8*f**2 + 3*f + 12*f**o - s*f**3. What is n(-3)?
0
Let u(t) = 3 + 40*t**2 + 6*t - 41*t**2 - 13*t. What is u(-7)?
3
Let g(q) = -16*q + 279 + 18*q - 278. Give g(0).
1
Let v(u) = -u**3 - 12*u**2 - u + 7. Let w(h) = h**2 + h - 1. Let r(x) = -v(x) - 2*w(x). Let m be r(-10). Let f(i) = -3*i + 2. Give f(m).
-13
Suppose -6*n + 35 + 13 = 0. Let z(w) = 2*w**3 + w - n*w + 19*w**2 + 5 - w**3 - 24*w**2. Determine z(6).
-1
Let y = 26 - 8. Let l(i) = 2*i + 1 - i + 20*i**2 + y*i**2 - 37*i**2 - i**3. Give l(2).
-1
Let h be (-6)/(-21) - (-12)/7. Let k(d) be the second derivative of 1/3*d**3 - 2*d - 1/6*d**4 + 0 - 3/2*d**2. Give k(h).
-7
Suppose 12*x - 47 = -95. Let w(p) = p**2 + p - 3. What is w(x)?
9
Let d be (-11 + (-1 - -3))*-3. Let q = 29 - d. Let y(c) = 3*c**2 - 3*c. Give y(q).
6
Let o(l) = -l**3 + 12*l**2 - 9*l + 20. Let n(h) = 2*h**3 - 24*h**2 + 17*h - 41. Let p(u) = -6*n(u) - 11*o(u). Calculate p(12).
-10
Suppose 2*r = -3*r - 4*l + 28, 4*l - 16 = -2*r. Let c(p) = -5 + 6*p - 2*p**2 - r*p**3 + 3*p**3 + 4 + 4*p**2. Determine c(4).
-9
Let q(m) = -21*m**2 + 17*m + 4. Let t(j) = -5*j**2 + 4*j + 1. Let p(b) = 2*q(b) - 9*t(b). Let w = -2174 + 2173. Calculate p(w).
4
Let f(k) = -3*k**3 + 17*k**2 + 22. Let v(p) = 2*p**3 - 12*p**2 - 16. Let y(t) = -5*f(t) - 7*v(t). Suppose -3*a = -4*a. Calculate y(a).
2
Let z(u) = -u**2 + 6*u + 3. Suppose h = -0*h + 55. Let p = h + -50. Give z(p).
8
Let n(p) = -p**3 - 5*p**2 + 6*p + 4. Suppose 4*f - 3*k + 12 = 0, -2*f = -15*k + 19*k + 28. Give n(f).
4
Let t(x) be the third derivative of 0*x**3 + 1/12*x**4 - 10*x**2 + 7/120*x**5 - 1/180*x**6 + 0*x + 0. Let n(g) be the second derivative of t(g). Calculate n(5).
-13
Let n be (-2 + (-50)/(-55))*22/(-4). Let y(j) = -j + 12. Give y(n).
6
Let h(r) be the third derivative of r**5/3 + r**4/24 - r**3/6 - 410*r**2. Calculate h(1).
20
Let c(h) = -h**2 - 4*h - 2. Suppose -6*f = -3*f - 27. Suppose 3*r - 9 - f = 0. Suppose r*t + 12 = 3*t. Determine c(t).
-2
Suppose p - 20 + 31 = 2*l, 4*p - 4*l + 24 = 0. Let o(g) = 4*g + 2. Determine o(p).
-2
Let x be (210/294)/((-2)/(-14)). Let b(m) = m**3 - 6*m**2 + 4*m + 7. Let h be b(5). Let s(v) = -2*v**2 + v**h + 2*v**2 - 5*v. What is s(x)?
0
Let m = 6 + -4. Suppose 0 = -2*w + 4*w + 2*v + 4, -22 = -4*w + m*v. Let d(r) = -r + 5*r**2 - w + 49*r**3 + 10 - 50*r**3. What is d(5)?
2
Let l(p) be the first derivative of p**4/2 - p**2 - 2*p - 3. Let n be ((24/(-10))/(-6))/((-1)/5). Give l(n).
-14
Let d(t) = -2*t**3 + t. Suppose 5*f - 6 = -91. Suppose 2*u + 24 = -3*h + 3, 0 = -2*u + 4*h - 56. Let p = u - f. Give d(p).
1
Let c(x) = -x**3 + 10*x**2 + 2*x + 4. Suppose -9*s - 68 = -158. Determine c(s).
24
Let c(u) = -u**3 + u**2 - u - 1. Let p be c(-1). Let r(t) = -p + 5*t + 19*t**3 + t**2 + 23*t**3 - 43*t**3. Give r(3).
-5
Let o(m) be the second derivative of 0 + 6*m - 1/3*m**3 + m**2. Determine o(6).
-10
Let r(g) = g**2 + 9*g + 6. Let y be r(-9). Let d(m) be the second derivative of -m**3/6 + 11*m**2/2 - 4*m. Determine d(y).
5
Let k(o) = 89*o**2 + 82*o**2 - 175*o**2 - 3 - 3*o. What is k(-4)?
-55
Let p(d) be the first derivative of 2*d**3/3 + 3*d**2 + 208. Calculate p(-4).
8
Suppose -5*t = 2*f + 7, 15 = -2*f + 6*t - 3*t. Let h(i) = -4*i - 19. Determine h(f).
5
Let y(f) be the second derivative of -17*f**3/6 + f**2/2 + 897*f. Suppose -1 = 5*a - 6. What is y(a)?
-16
Let x(w) = -7*w + 9. Let c = 72 + -71. Let y(o) = o. Let z(t) = c*x(t) + 6*y(t). Calculate z(4).
5
Let y(s) = -s**2 + 4*s - 3. Let w(t) = 4*t**2 + 50*t - 24. Let j be w(-13). Calculate y(j).
1
Suppose -2*v - 12 = -2*u - 18, -v + 3*u + 11 = 0. Let q(r) = -5*r**3 - r**2 + 6*r + 6. Let g(h) = h**3 + h + 1. Let i(d) = 6*g(d) - q(d). Give i(v).
-10
Let b(z) = 1. Let h(r) = r - 3. Let m(i) = -7*b(i) - 2*h(i). Let o = 25 - 43. Let g = o - -13. Calculate m(g).
9
Let k(g) be the third derivative of 2*g**5/15 - g**4/24 + 5*g**3/2 - 29*g**2. Let t(i) be the first derivative of k(i). Determine t(1).
15
Let x(l) = l**2 + 5*l. Let k(i) = 5*i**2 + 24*i + 2. Let b(q) = -k(q) + 4*x(q). Let z be -3 + -1*(0 + 1). Determine b(z).
-2
Let h(d) = -2*d**3 - 2*d**2 + 6*d + 26. Let f be h(0). Let p(k) = -k**3 + 27*k**2 - 27*k + 21. Give p(f).
-5
Suppose -5 = -2*l + 3*l. Let g(w) be the second derivative of -w**5/60 - w**4/6 + w**3/3 + w**2/2 + 5*w. Let i(z) be the first derivative of g(z). Give i(l).
-3
Suppose 0*c = -5*c. Let g be 4 + c + 15/(-5). Let z(p) = -2*p + 4*p**2 + p**2 + 5*p**3 + 2 - 1 - 4*p**2. What is z(g)?
5
Let u(m) = -11*m - 45. Let b(q) = 23*q + 89. Let f(d) = -3*b(d) - 5*u(d). Let w(t) = 5*t + 14. Let x(a) = -4*f(a) - 11*w(a). What is x(-7)?
7
Suppose -5*l + 5*s = -15, 3*l - 7*l + 26 = 3*s. Suppose 0 = l*h - 3*c - c + 1, 5*h = -5*c + 35. Let i(k) = -4*k - 1. Calculate i(h).
-13
Let s(a) = 6*a + 15. Let l(d) = -d**2 + 3*d + 5. Let j be l(3). Let u(c) = -3*c - 8. Suppose -4*m - 9 = -7*m. Let r(t) = j*u(t) + m*s(t). Calculate r(-4).
-7
Suppose 4*l - 8 = -0. Let m(n) = -n - n**l + 0*n - 5*n + 0*n. What is m(-4)?
8
Let o(i) be the third derivative of i**7/5040 + 7*i**6/720 + i**5/30 + 7*i**2. Let c(p) be the third derivative of o(p). Give c(6).
13
Let d(z) = z**3 - 4*z**2 - 2*z - 1. Let w be (9 - 8)*(-1 + 0) + 5. Calculate d(w).
-9
Let l(s) = s**2 + s - 12. Let j(t) = t**2 - 10. Let r(a) = -5*j(a) + 4*l(a). Calculate r(6).
-10
Let g(l) = l**2 - 7*l + 1. Let c be -4 + 11 + (3 - (0 - -3)). What is g(c)?
1
Let l(x) be the third derivative of x**4/12 - 15*x**3/2 - 3*x**2 - 283. Determine l(22).
-1
Let a(g) = 5*g + 6. Let t be 4/(8 + -4) - (-1 - -2). Suppose t = -s - p - 7, -p + 2 + 1 = -s. Give a(s).
-19
Let u(b) = -11*b**3 - b**2 + b. Let d(v) = -3*v**2 + 1 + 3*v**2 + 2*v**2. Let k be (0/(-2))/(-6 - -7). Let r be d(k). Determine u(r).
-11
Suppose -11*g + 99 = -8*g. Suppose 5*f + g = 2*v, -v - 2*v + 3*f + 54 = 0. Let m = -14 + v. Let b(t) = -t**2 + 5*t. Calculate b(m).
0
Let v(y) = 3*y - 2. Let o(k) = -4*k + 19. Let z(n) = o(n) + 2*v(n). What is z(0)?
15
Let y(v) = v**3 - 15*v**2 + 16*v - 7. Let m = -184 + 198. What is y(m)?
21
Let q(t) = -t**2 - 810 + 804 - 135*t + 130*t. Determine q(-6).
-12
Let p(s) = 7*s + 1. Let f(m) = 3*m + 1. Let g(y) = -5*f(y) + 2*p(y). What is g(0)?
-3
Suppose w + 15 = n + 10, -2*w + 4*n = 2. Let h(s) = -s**2 - 5*s + 27. Calculate h(w).
-9
Let c(t) = 26*t - 10*t - 11*t - 16*t - 2. What is c(2)?
-24
Let p(y) = -y**3 - 10*y**2 + 24*y + 6. Let g(b) = b**3 + 57*b**2 - 184*b. Let f be g(3). Calculate p(f).
6
Let c(n) = -n**3 - 9*n**2 - 8*n + 7. Let h be c(-8). Let b(d) = -7*d - d**3 - 5 - 2 + 8*d**2 + 1. Calculate b(h).
-6
Let k be (-3 + 9)*3/(-9). Let w(m) = -m**3 - 3*m**2 - 3*m. Let x be w(k). Let g(j) = -1 + 0 + 2 + 10*j**x - 9*j**2. Give g(2).
5
Let y(l) = -l - 9. Suppose 9*u + 30 = 2*z + 6*u, -4*z + 58 = -5*u. Determine y(z).
-21
Suppose 0 = -12*i + 11*i - 6. Let j(y) = -21*y - 9 + 4*y + 12*y + 3*y. Give j(i).
3
Let y(l) be the first derivative of l**3/3 + 7*l**2/2 + 5*l + 294. Suppose -5*c - 26 + 6 = 0. Determine y(c).
-7
Let y = 83 - 81. Let u(z) = z**2 - z. Let j be u(-1). Let o(h) = 1 + h**j + 4*h**2 - 8*h**2. Determine o(y).
-11
Let l(k) be the second derivative of k**7/60 - k**3/2 - 8*k. Let m(o) be the second derivative of l(o). Determine m(-1).
-14
Let k(j) = -72*j**2 + 200*j**2 - 2*j - 1 - 121*j**2. Let c(d) = -d**3 + 2*d**2 + 4*d - 4. Let z be c(3). Determine k(z).
8
Let w be 3/(6*(-2)/(-40)). Let d(m) = -m**2 - w*m**2 - 5*m**2 + 2*m**2. Determine d(1).
-14
Let t(o) = 2*o - 5. Let w(s) = -s - 1. Suppose -10 = -2*l - 8. Let y(i) = l*t(i) - w(i). Calculate y(3).
5
Let y be (30/20)/((-9)/30). Let h(d) = -2*d + 6. Give h(y).
16
Let k be -2 + 0 + 7 + -3. Let j(u) be the second derivative of 1/6*u**3 + 1/12*u**4 + 0 + 5/2*u**k - u. What is j(0)?
5
Let s(b) = 17*b**3 - 2*b**2 + 1. Let i be s(1). Let m = 16 - i. Let x(c) be the second derivative of -c**3/6 + 6*c**2 + c. Calculate x(m).
12
Let t = -145 + 139. Let w(j) be the second derivative of j**3/6 + j**2/2 - 2*j. Determine w(t).
-5
Let x(z) = z - 13. Suppose -2*f + 0*g + 29 = -3*g, 3*g + 9 = 0. What is x(f)?
-3
Suppos